p = 13 - 29. List the prime factors of (-5 - -4)/(2/p).
2
Let i(d) = d**3 + 5*d**2 + 2. Let s be i(-5). List the prime factors of -2 + 1 + 38/s.
2, 3
Let f(z) = 5*z - 1. What are the prime factors of f(5)?
2, 3
Let i = -3 - -4. Let y(u) = 12 + 8 - 19 - 4*u + 5*u. List the prime factors of y(i).
2
Suppose 3*u = -1 + 4. Suppose -1 - u = -g. What are the prime factors of g/3 + (-25)/(-3)?
3
Let n(u) = -8*u**3 + u. Let d be n(1). Let w = 9 - d. List the prime factors of w.
2
Let o(z) = z**3 - 7*z**2 + 9*z - 1. Let h be (-3 + (-3)/(-2))*-4. What are the prime factors of o(h)?
17
Let g = 80 - 40. List the prime factors of g.
2, 5
Suppose 0 = a - 4 - 0. Suppose 3*u + 75 = 3*p, -a*p + 82 = -p + 4*u. List the prime factors of p.
2, 13
Let m(p) = -p**3 + 6*p**2 + 9*p - 10. Let o be m(7). Let h be (6/o)/(4/48). Suppose -z - q + h = 2*q, -5*q + 26 = z. What are the prime factors of z?
2, 3
Let y be 3*(-3 - -5 - 1). Let d(q) be the first derivative of q**2 + 4*q - 2. List the prime factors of d(y).
2, 5
Let p = -3 - -6. Suppose -j - p*j = -192. List the prime factors of j.
2, 3
Let g(o) = -2*o + 0*o + 0 + o**2 - 5. Let m be g(5). Suppose 0 = -3*h + s - 3 + m, h - 19 = -3*s. What are the prime factors of h?
2
Suppose 1 + 3 = -2*s + 4*h, 4*s - 3 = -3*h. Suppose 5*g + 20 = s, 7*q - 5*g = 4*q + 47. What are the prime factors of q?
3
Let x(h) = h**3 - 3*h**2 - 6*h - 6. Let f be x(5). Suppose -g + 1 = -f. List the prime factors of g.
3, 5
Suppose 0 = 3*r - 90 - 39. What are the prime factors of r?
43
Let r = 183 - 41. List the prime factors of r.
2, 71
Let d be (5/(10/4))/(-2). Let s(m) = -39*m**3 - m - 1. List the prime factors of s(d).
3, 13
Let g = -33 + 54. List the prime factors of g.
3, 7
Suppose 4*h = 1 + 35. List the prime factors of 3*(-3)/(h/(-2)).
2
What are the prime factors of 7/(-21) - 392/(-6)?
5, 13
Let i = -5 + 11. List the prime factors of 8*(15/i + 1).
2, 7
Let g be 1*2*(-9 - -15). Let k = 22 - g. What are the prime factors of k?
2, 5
Let t(q) be the first derivative of q**3/3 - q**2/2 - 1. Let y = 5 + -3. List the prime factors of t(y).
2
Let l = 18 - 21. List the prime factors of 9*(1 - l/9).
2, 3
Let j be (0 - 9/2)*-6. Suppose 6*s - 3*s - j = 0. List the prime factors of s.
3
Let k(q) be the third derivative of q**6/120 + q**5/20 - 5*q**4/24 + q**3/2 - 6*q**2. List the prime factors of k(-4).
7
Let j(a) = -a**3 + 21*a**2 - a + 39. What are the prime factors of j(21)?
2, 3
Suppose 6*k + 2*k = 888. List the prime factors of k.
3, 37
Let q(s) = -s - 6. Let l be q(-8). Suppose 0 = -5*v - 3*i + 26, -l*v - 2*i + 4 = -4. List the prime factors of v.
7
Let a be (-1)/3 - (-220)/3. Suppose j = 4*t - a - 27, -3*j + 12 = 0. Let u = -14 + t. List the prime factors of u.
2, 3
Let v(l) = 9*l + 6. Let m be v(6). Suppose -f = f - m. What are the prime factors of f?
2, 3, 5
What are the prime factors of (-15)/6*18/(-5)?
3
Let x be (10/(-6))/(3/9). Let j(o) = o**3 + 5*o**2 - 2*o + 1. List the prime factors of j(x).
11
Let r(d) = -5*d + 11. Let w be r(5). Let s = 52 + w. List the prime factors of s.
2, 19
Suppose -624 = -5*c + 71. List the prime factors of c.
139
Suppose 5*u - 195 = -5*l, 0 = -3*u + l + l + 117. List the prime factors of u.
3, 13
Let q(r) = r**2 - 5*r + 4. Let m be q(5). Suppose -13 = -m*v + 3*v. What are the prime factors of v?
13
Suppose 5*g + 43 - 233 = 0. What are the prime factors of g?
2, 19
Suppose -2*i - 3*i + 435 = 0. Suppose 12 = -5*f + i. List the prime factors of f.
3, 5
Suppose 0 = -2*n - 2*n + 64. Let o = n + -3. What are the prime factors of o?
13
Let p be 1*2 + (-10)/(-5). Suppose -p*b = 2*q + 4, -4*q - 3*b + 4 = -b. List the prime factors of q.
2
Let l(c) = -2*c - 7. Let o be l(-6). Suppose -o*f + 3*p + 151 = 0, 2*f = -2*p + 67 - 13. List the prime factors of f.
29
Let s(o) = -5*o**2 - 2*o + 2. Let a be s(-2). Let v = -4 - a. What are the prime factors of v?
2, 5
Suppose 2*b = -5*j + 17, 4*j - 5 = 5*b + 2. Suppose -j*t = -6*t + 54. What are the prime factors of t?
2, 3
Let c(q) = 2*q - 6. Let a be c(4). Let s(x) = -5*x - 1. Let n be s(a). Let u = 17 + n. List the prime factors of u.
2, 3
Let l(q) = q**2 - 15*q + 6. List the prime factors of l(15).
2, 3
Suppose 3*q + 0*q = x - 16, 5*x - 5*q = 40. Let w(n) = -3*n - 3. Let a be w(x). List the prime factors of 64/10 + (-9)/a.
7
Suppose -4*z - 9 = -73. Suppose 7*j - z = 3*j. List the prime factors of j.
2
Let j(g) = g - 1. Let n be -2 - (0 + 2)*-11. Suppose 4*k - 2*o - 3*o = n, -2*k - 5*o = -10. List the prime factors of j(k).
2
Let p = 17 - -22. What are the prime factors of p/(-3 - -6) + -1?
2, 3
Let n(q) = 2*q**3 + 12*q**2 + 7*q + 6. Let r be n(-6). Suppose -5*o - 4*p + 290 = 0, -4*o = 2*p - 196 - 30. Let l = o + r. List the prime factors of l.
2, 3
Let s(l) = 4*l - 1 + 0 + 8*l**2 + 2. What are the prime factors of s(-3)?
61
Let i = 151 + -64. List the prime factors of i.
3, 29
List the prime factors of (-6)/27 - (-764)/36.
3, 7
Let n(v) = v**2 + 7*v + 2. What are the prime factors of n(-12)?
2, 31
Let k(u) be the third derivative of u**6/24 + u**5/30 - u**4/12 - 2*u**2. What are the prime factors of k(2)?
2, 11
Suppose -5 = 2*f - 53. List the prime factors of f.
2, 3
Let a = 18 + -17. List the prime factors of 3 - (a - (1 - 1)).
2
Let j = 21 - -40. List the prime factors of j.
61
Let x be ((-4)/(-6))/((-4)/114). Let b = 6 - x. Let j = b - 12. List the prime factors of j.
13
Suppose -8 = -3*o - 2. Suppose 0 = -o*g - w + 4, 3*g - 2*g + 5*w = 20. Suppose 5*j - 8 - 2 = g. List the prime factors of j.
2
Let r be 224/119 - 4/(-34). What are the prime factors of (-3)/r*-10 - 4?
11
Let x = -261 - -483. What are the prime factors of x?
2, 3, 37
Suppose -p + 5*u + 18 = 0, -4*p + 2*u = -23 + 5. Let w = 9 - p. What are the prime factors of w?
2, 3
Let a(j) = j**3 - 4*j**2 + 6*j - 7. What are the prime factors of a(4)?
17
Let o = -53 + 91. What are the prime factors of o?
2, 19
Suppose 3*i + 4 = -0*l + 2*l, 0 = -2*l + 10. Suppose 7 = -3*k - 2. List the prime factors of i*((-9)/2)/k.
3
Suppose 2*y + 4*b = 8*b - 6, 4*y - 2*b - 18 = 0. Suppose m - l - y = -0*l, 0 = m + l + 1. What are the prime factors of m?
3
Let i(t) = t**3 + 2 + 14 + 6. What are the prime factors of i(0)?
2, 11
Let l = 1 + 30. List the prime factors of l.
31
Suppose f - 2 = -2*c, 0*f = 3*f + 6. What are the prime factors of c?
2
List the prime factors of ((-11)/(-33))/((-3)/(-207)).
23
Suppose v - 13 = 4*d, -5*v + 3*v = 3*d - 15. Let u = 29 - v. What are the prime factors of u?
2, 5
Let p(z) = -z**2 - 2*z - 3. Let k be p(-3). Let c(y) = 4*y + 5. Let o(h) = 13*h + 16. Let r(a) = -7*c(a) + 2*o(a). List the prime factors of r(k).
3
Let w be (-2)/6 - (-14)/6. Suppose 2*g + w*z - 20 = -2*z, g - 9 = -3*z. List the prime factors of g.
2, 3
Suppose -3*n + 48 = -21. Let s = n + -8. List the prime factors of s.
3, 5
Suppose -2*m = 4*p - 580, -449 = -3*m - 3*p + 412. What are the prime factors of m?
2, 71
Let r(p) = p**3 + 8*p**2 - 20*p - 15. What are the prime factors of r(-8)?
5, 29
Let q(n) = -1 + 0 + 5 + 3*n. What are the prime factors of q(3)?
13
Suppose 4*v + 4*z - 264 = -0*z, 0 = 5*z - 25. What are the prime factors of v?
61
Let c = 11 + 29. List the prime factors of c.
2, 5
Let o = 342 + -215. List the prime factors of o.
127
Suppose -39 = -4*y + 85. What are the prime factors of y?
31
Let b(r) = 4*r - 2. Let l be b(9). Suppose 8*z = 3*z - 10, 4*z + l = 2*w. List the prime factors of w.
13
Let w(s) = s**2 + 3*s + 15. List the prime factors of w(-9).
3, 23
Let a = -26 - -74. List the prime factors of 300/a + (-1)/4.
2, 3
Let g be (-9)/(-1 + 15/6). Let f = -8 - g. Let c(j) = -2*j**3 - 3*j**2 - 2*j - 1. List the prime factors of c(f).
7
Let f = 9 - 8. Suppose 3*g + 22 = 4*w - 2*g, 26 = 4*w - 3*g. List the prime factors of f*w + (4 - 4).
2
Let m(z) = z**2 + 53 - 4*z**3 - 3*z**2 - 3*z - 55 + 0*z**3. What are the prime factors of m(-2)?
2, 7
Let b be (6/9)/((-4)/(-6)). Suppose g = -g + 2*o - 10, o - b = -g. Let c = 4 + g. What are the prime factors of c?
2
Let l = 66 + -26. Suppose -2*s = -0*s - l. What are the prime factors of s?
2, 5
Let r(v) = -v**3 + 9*v**2 - 5*v - 3. List the prime factors of r(8).
3, 7
Let f be 4644/(-20) + 2/10. List the prime factors of f/(-9) - (-6)/27.
2, 13
Let n = -16 + 23. What are the prime factor